b**2 - 3*b + 3. Let z be c(-3). What is the tens digit of a/(z/51)*2?
1
Let t(o) = 7*o - 26*o + 8*o + 13*o + 83*o**2 + 1. What is the units digit of t(-1)?
2
Suppose y - 15 = -4*y. Let b(l) = y*l - 2 + 0*l + 4 + 2*l. What is the units digit of b(3)?
7
Let d be ((-3)/2)/(12/(-40)). Suppose 3*p - d*q = -p + 272, -4*q = -p + 68. What is the tens digit of p?
6
Let v = 146 + 39. Suppose 51 = 2*w - v. Suppose f = -4*u + 91, -u + 3*f = 4*u - w. What is the tens digit of u?
2
Let k(s) = -s**2 - 13*s - 9. Let d be k(-5). Let w = 120 + d. What is the units digit of w?
1
What is the units digit of 1/(-10) - (-289452)/120?
2
Let x(s) = 64*s**2 + 21*s + 54. What is the units digit of x(-3)?
7
Suppose -24*o = -4*o - 10640. What is the tens digit of o?
3
What is the hundreds digit of (1369/111)/(((-21)/216)/(-7))?
8
Suppose -3*k - 2*x + 2 + 1 = 0, -3*k + 15 = -2*x. Suppose -3*u + 2*a + k = -4, 5*a - 20 = -5*u. What is the units digit of u?
3
Suppose m + 98 + 37 = 5*v, -62 = -2*v + 2*m. Let t = -24 + v. What is the units digit of t?
2
Suppose -w + 10 = -5*r, w + 6 = 2*w - 3*r. Suppose 5*n + 5 = -y, w*n + 115 = 5*y - 3*n. What is the units digit of y?
0
Let a = 63 - 57. Let o = a + 266. What is the units digit of o?
2
Suppose -n + 616 = -2*r, 11*n - 9*n + r = 1217. What is the units digit of n?
0
What is the tens digit of 2/((-1)/(13097/(-14)))?
7
Suppose 12*o + 452 = 11*o. Let t = 633 + o. What is the units digit of t?
1
Let b(v) = v**3 + 2*v**2 + 96. Let a be b(0). Suppose 0 = -3*r + y + a, -r + 9 + 19 = y. What is the units digit of r?
1
Let r be (-26)/(-12) - (-3)/(-18). Let g(h) = 21*h + 2. What is the tens digit of g(r)?
4
Suppose -415 = -5*h - 0*d + 5*d, 0 = 2*h - 3*d - 170. What is the units digit of h?
9
Suppose -2*u - 3 = a + 7, 4*a = 4*u + 44. Let g be (24/21)/((-2)/u). Suppose -g*k + k = -87. What is the tens digit of k?
2
Suppose 4 = 8*u - 6*u. Suppose 4*x + x = -4*b + 119, -5*b + u*x = -124. What is the units digit of b?
6
Suppose -3*o - 296 = -4*z + 3*z, -290 = -z + o. Suppose 0 = -3*v - z + 110. Let s = -35 - v. What is the units digit of s?
4
Suppose 52*m + 27*m = 33180. What is the hundreds digit of m?
4
Suppose 3*p - 17 = 3*k + 6190, 4*k - 8244 = -4*p. What is the units digit of p?
5
Suppose 3*u + 2*i - 11345 = 0, 2*u - 4856 = 4*i + 2686. What is the thousands digit of u?
3
Suppose 10 = -0*x + 2*x, 3*x + 1 = 2*q. Let d = q + 25. Suppose v - 5*g - 15 = 0, -2*v + 4*g + d = 3. What is the units digit of v?
5
Suppose 0 = 3278*r - 3285*r + 532. What is the units digit of r?
6
Suppose 7 - 40 = v. Let i = -31 - v. What is the units digit of i?
2
Let x(d) = -d**3 - d**2 - d + 13. Let m be x(0). Let c = -24 + m. Let j = c + 36. What is the tens digit of j?
2
Suppose -2*c - 2 = -v + 8, -3*v + 60 = 4*c. What is the units digit of v?
6
What is the tens digit of (-7)/2*(-490)/7?
4
Let o be -21 + -6*(-3)/6. Let t be (-1130)/(-35) + 4/(-14). Let z = t + o. What is the tens digit of z?
1
Let x be 1 + -1 + -2 - (-48)/8. Suppose 5*o - x = 511. What is the tens digit of o?
0
Let l(h) be the third derivative of -13*h**6/60 + h**5/60 - h**4/24 - h**3/6 - 18*h**2. Suppose -8 = 5*b - 3. What is the tens digit of l(b)?
2
Let t = -1595 + 2608. What is the tens digit of t?
1
Let v be (7/2 - (-5 + 9))*-2. What is the units digit of 6/12 - (53/(-2))/v?
7
Let t(z) = -28*z + 30*z + 2 - 18. What is the tens digit of t(17)?
1
Let n = -605 + 405. Let j = -119 - n. What is the tens digit of j?
8
Let j(k) = k**3 - k**2 - k - 5. Let w be j(0). Let x(o) = -6*o - 12. Let u(f) = -8*f - 17. Let g(d) = -5*u(d) + 7*x(d). What is the units digit of g(w)?
1
Let b(q) = -503*q**3 + 2*q**2 + q - 1. What is the units digit of b(-1)?
3
Suppose 5*a - 13902 = x, 5*x = -11 + 1. What is the hundreds digit of a?
7
Suppose -4*m + 1 - 9 = 0. Let q(j) = -8*j**2 - 3*j - 1. Let p be q(m). Let t = -6 - p. What is the tens digit of t?
2
What is the hundreds digit of (-79025)/(-203) + 2/(-7)?
3
What is the units digit of ((-2)/(-30))/(26/148265)*6?
1
Let m = -33 + 12. Let z = m + 23. Suppose z*i + 2 - 142 = 0. What is the units digit of i?
0
Let o(u) = 5*u + 13. Let a be o(-4). Let n(i) = 2 - 4*i - 2 + 7. What is the tens digit of n(a)?
3
Let d(u) be the second derivative of u**4/12 - u**3/2 - 2*u**2 + 12*u. Let f be d(3). What is the tens digit of 3/f - (-504)/32?
1
Let a(b) = -b - 7. Let c be a(-9). Suppose c*h = 3*o - 523, -5*o + h = -o - 694. What is the units digit of o?
3
Let k(c) = 3*c**2 - 4*c + 3. Let p be k(2). Let o be (58/(-4))/(1/2). Let j = p - o. What is the units digit of j?
6
Let v(l) = -224*l - 29. What is the tens digit of v(-3)?
4
Suppose 0 = -2*f - 4*s + 26, 2*f + 3*s = -0*f + 21. Suppose f*k - 2*v = 8, 0*k - v - 7 = -2*k. What is the units digit of k?
6
Let b(m) = m**2 - 10*m - 36. Let z be b(12). What is the units digit of (-33)/z*(-3 + 107)?
6
Suppose 13*c = -136 - 98. Let f(w) = -w**2 - 27*w - 2. What is the tens digit of f(c)?
6
Suppose -5*u + 0*u + 15 = 0. Suppose 0 = 2*h - u*h + s + 24, -s = h - 30. What is the units digit of h?
7
Suppose 6 = 4*d - 6. Let r(h) = -8*h - 6. Let t be r(-7). Suppose -l - t = -d*l. What is the units digit of l?
5
Suppose 3*p + 3*n = -48, p + 2*p + n = -52. Let v = 73 + -28. Let o = v + p. What is the tens digit of o?
2
Suppose 0 = -3*z + y + 439, -z - 5*y = -0*z - 125. What is the tens digit of z?
4
Let w(s) = -2*s - 13. Let a be w(11). Let g(f) = -2*f + 9. Let c be g(5). What is the tens digit of 3 + (c - a) + 3?
4
Let l be (4/(-8))/((-2)/(-32)*1). Let u = l - -96. What is the tens digit of u?
8
What is the units digit of -34*(21/(-2) - (-1 - 1))?
9
Let w = -656 + 375. Let v = 444 + w. What is the units digit of v?
3
Suppose 18*k + 2*k - 40 = 0. Let s(d) be the second derivative of 5*d**3/6 - d. What is the tens digit of s(k)?
1
Suppose -4*v - 4*j + 8 = 0, 0*v + 3*j + 24 = 3*v. Suppose -a + 4*g = -v*a + 76, 2*a - 43 = 3*g. What is the tens digit of 42/(-5)*a/(-6)?
2
Suppose 4*x + 471 = 4*b - 193, 5*x = -2*b + 332. What is the hundreds digit of b?
1
What is the units digit of (-99021)/(-247) - (-4)/38?
1
Suppose -2*d + 27*d - 7675 = 0. What is the hundreds digit of d?
3
Suppose 5*z + 5*p - 1 + 6 = 0, 2*z + 4*p = -6. Suppose 3*s - 5 = 2*u, -5*u - 4*s = -0*u + z. What is the units digit of -6*u/3 - -5?
7
Suppose 3*d + 2*l - 17 = 3*l, -5*l = 2*d - 17. Suppose -h - 10 = -d*h. Suppose 65 = h*r - 29. What is the tens digit of r?
4
Suppose y = 3*y. Suppose y = 4*f - 158 - 170. What is the units digit of f?
2
Let g(h) = -77*h + 2. Let f = 72 - 73. What is the units digit of g(f)?
9
Suppose -x - 3*x - 68 = 0. Let c = -23 - -42. Let p = x + c. What is the units digit of p?
2
Suppose 4*l = -2*n + 2568, 0 = l + 24*n - 19*n - 633. What is the tens digit of l?
4
Let n = 15 + -15. Suppose n*z = -7*z. Suppose -2*p = 3*x - 90, z*p - 60 = -2*x - 2*p. What is the units digit of x?
0
Let o be (-2 - 0)/((-4)/46). Suppose 2*t + 2*u = 12, t - 7 - 7 = -3*u. Suppose -w - 62 = -5*m, 2*m + w = t*w + o. What is the units digit of m?
3
Suppose -4*s + 13 = 5*u - 13, u + 5*s = 1. Suppose u - 2 = -l. Let a(r) = -r**2 - 5*r + 3. What is the units digit of a(l)?
7
Let z = 4333 - 807. What is the units digit of z?
6
Suppose y + 2 = d, -9 = -5*d + 3*y + 5. Suppose 6 = 5*t - 2*t. Suppose 2*s - d*m - 70 = -t, 0 = 4*m + 4. What is the tens digit of s?
3
Let k = 27 + -25. Suppose -2*z - k*o = -5*o - 61, 5*z + 2*o - 124 = 0. What is the tens digit of z?
2
Suppose -33*a = 10211 - 65189. What is the thousands digit of a?
1
Let z(g) = 7*g + 92. What is the units digit of z(24)?
0
Suppose 6*j - 8798 = -434. What is the hundreds digit of j?
3
Let g = 1 - -10. Let t be (-1 - g/(-1))*1. Suppose -2*b = d - 0*d - t, -3*b + 33 = 3*d. What is the units digit of d?
2
Let h(i) be the first derivative of i**3/3 - 8*i**2 + 27*i + 20. What is the units digit of h(18)?
3
Let a(u) = -2*u**3 + 3*u**2 + 3*u. Let c be a(-1). What is the units digit of (c - 2 - 2)*(-334)/4?
7
Let d = -90 - -90. Suppose d = 5*y - 5*j - 280, -j - 68 = -y + 3*j. What is the units digit of y?
2
Suppose 0*b + 2 = 2*b, -4*j = -2*b - 6. Suppose 26 = 3*r - j*r. What is the units digit of r?
6
Suppose -k + 18 = -4*t, -5*k + 3*t + t = -26. Let w(n) = n**3 - 10*n**2 + 8*n + 10. Let c be w(9). Suppose -c - 5 = -k*f. What is the uni